what is 21f - fe2f?
-fc10
In base 4, what is -11221132013 - -32?
-11221131321
In base 3, what is 221121022200 + 2000?
221121101200
In base 14, what is -28c - -50d9?
4c4b
In base 16, what is -2e61 + 1f87?
-eda
In base 2, what is 1001000110011001010101 + 100?
1001000110011001011001
In base 5, what is -41 + -10431241343?
-10431241434
In base 3, what is -212202 - 20100020011021?
-20100021001000
In base 7, what is -4312 + -50622?
-55234
In base 13, what is -2abc - 1489?
-4278
In base 10, what is 1188 + -13136?
-11948
In base 9, what is 571864 - 507?
571356
In base 11, what is -3 + -186a4818?
-186a4820
In base 16, what is -128 - 28a620?
-28a748
In base 9, what is 12 - 45778640?
-45778627
In base 2, what is 11000100101000011 - 110010100?
11000011110101111
In base 7, what is 324466634 - -10?
324466644
In base 9, what is -78261 + 1880?
-76271
In base 12, what is -a628 - -23371?
14945
In base 14, what is bdc - -2329?
3127
In base 3, what is 11102011202212122 + -220?
11102011202211202
In base 13, what is -5 + 4951172?
495116a
In base 5, what is -20 - -20031311424?
20031311404
In base 6, what is 1 - -31544350?
31544351
In base 4, what is -2 - -3020320120211?
3020320120203
In base 11, what is 1021 + -2683?
-1662
In base 14, what is -7b - a655b?
-a65d8
In base 2, what is 1001110010111101010000 + 10110100?
1001110011000000000100
In base 9, what is -1 + 41600215?
41600214
In base 16, what is 59 - -e608f?
e60e8
In base 14, what is 20457 + ac1?
21138
In base 13, what is 77919 + -1?
77918
In base 11, what is -6283164 + -12?
-6283176
In base 4, what is -10111223 - -11220?
-10100003
In base 16, what is 25b - 4f264?
-4f009
In base 12, what is -a41 + 51a61?
51020
In base 13, what is 6067a + -68?
60612
In base 6, what is -1515 + -102133550?
-102135505
In base 2, what is 11 - 10011100111101001101?
-10011100111101001010
In base 14, what is -a73 + -2109?
-2b7c
In base 10, what is 647 - 113586?
-112939
In base 5, what is 12 - -2330231131?
2330231143
In base 3, what is 2010001 - -1102211021020?
1102220101021
In base 12, what is 369a4 + 33?
36a17
In base 5, what is -1 - 4121220213?
-4121220214
In base 2, what is -1001 + 1100010010001011111011?
1100010010001011110010
In base 13, what is -5 - -5933286?
5933281
In base 4, what is -233 - 312022311211?
-312022312110
In base 13, what is -29a88 + 7b1?
-292a7
In base 11, what is 6612352 - -3?
6612355
In base 7, what is 1353 - -4103014?
4104400
In base 10, what is 3 - 55197962?
-55197959
In base 10, what is 38083790 + -7?
38083783
In base 11, what is 2808 + -a832?
-8025
In base 10, what is 2632 + 4871?
7503
In base 7, what is -43340 - -606?
-42431
In base 9, what is 63 - -38746?
38820
In base 9, what is 63665048 - 3?
63665045
In base 11, what is 9262 + 482?
9734
In base 15, what is -334b + 5c6?
-2c75
In base 8, what is 11445 - 6262?
3163
In base 15, what is a27 + -4c2?
555
In base 10, what is -21802 + -88?
-21890
In base 10, what is 5179254 + 15?
5179269
In base 11, what is -5 + -1303696?
-13036a0
In base 9, what is 24 - 416812?
-416777
In base 11, what is 155 + 16019?
16173
In base 2, what is -11011011001110011110101 + 101011?
-11011011001110011001010
In base 12, what is -2069 + 1545a?
133b1
In base 6, what is -33324204 - -5?
-33324155
In base 15, what is 120d8 + -1d7?
11e01
In base 4, what is -3 + 12123210001?
12123203332
In base 3, what is 1011200112221 - 10?
1011200112211
In base 4, what is -1101101013203 - -2?
-1101101013201
In base 10, what is 25 - -9509684?
9509709
In base 7, what is -1210 - 1220204?
-1221414
In base 15, what is -1738 - -55e?
-11c9
In base 5, what is 32113004 + 101?
32113110
In base 5, what is -13134431442 + 4?
-13134431433
In base 3, what is 1100011222211 - 122121?
1100011100020
In base 14, what is 3d - 5981?
-5942
In base 6, what is 1123531210 - -1?
1123531211
In base 3, what is -201122220 - 1100110212?
-2002010202
In base 12, what is -41b5350 + 5?
-41b5347
In base 2, what is -11010010100100101 + 100001011?
-11010010000011010
In base 9, what is -12 - -113686?
113674
In base 7, what is 10525 + -6015?
1510
In base 15, what is -1420a9 + -3?
-1420ac
In base 15, what is 41b - 3c14?
-37e8
In base 6, what is 3 + 1022341151?
1022341154
In base 4, what is -10332 - -322123233?
322112301
In base 12, what is 1043a7 - -226?
104611
In base 6, what is 13140331403 - -2?
13140331405
In base 7, what is -6624 - -103216?
63262
In base 5, what is -241023110442 - 3?
-241023111000
In base 13, what is 604 + 3c3?
9c7
In base 6, what is 125015 + 214454?
343513
In base 9, what is 7556177 - -1?
7556178
In base 4, what is -12 + -32102132211?
-32102132223
In base 5, what is -113 + 243033001?
243032333
In base 5, what is 404410 + -140103?
214302
In base 7, what is -2611 - -12540?
6626
In base 10, what is 3 + 160071?
160074
In base 9, what is 5 - -1175384?
1175400
In base 5, what is -42201 + -4334100?
-4431301
In base 12, what is -71 + 13b8309?
13b8258
In base 8, what is -1535 - 26030?
-27565
In base 2, what is -1001100111001000101001011 + 0?
-1001100111001000101001011
In base 13, what is -59838 + -ca?
-59935
In base 5, what is -13 + -2433224?
-2433242
In base 6, what is 101 - 40202204?
-40202103
In base 11, what is -8469120 + -1?
-8469121
In base 3, what is 1110 - 212220121201020?
-212220121122210
In base 3, what is 21122100012212120 + -11?
21122100012212102
In base 3, what is -11222101201110 + 11?
-11222101201022
In base 7, what is 10422534 - -140?
10423004
In base 6, what is -5 + -1144003133?
-1144003142
In base 10, what is 999 + 15176?
16175
In base 14, what is b36c6b6 + -3?
b36c6b3
In base 14, what is -864 + -1781c?
-18282
In base 2, what is 1 - -1101010000110000101100011?
1101010000110000101100100
In base 12, what is a3a + -2523?
-16a5
In base 2, what is 101001 + 1011010000100000001010011?
1011010000100000001111100
In base 11, what is 266392 + -a08?
265485
In base 11, what is 28 - 20935?
-20908
In base 3, what is -2 + 21201111210200?
21201111210121
In base 13, what is -145 - 24004?
-24149
In base 15, what is -1a1b3190 - -5?
-1a1b318a
In base 2, what is 1010000010110011000011100 - 110000?
1010000010110010111101100
In base 16, what is -9ec23 + b?
-9ec18
In base 9, what is -2160241 + 43?
-2160187
In base 8, what is 623366 + 103?
623471
In base 9, what is 24 - -185007026?
185007051
In base 8, what is 2273727 - 142?
2273565
In base 10, what is -12817 - 710?
-13527
In base 3, what is 1010220202 - -1110?
1010222012
In base 13, what is -106b9 + 2b50?
-a869
In base 16, what is -1cec42 - -d?
-1cec35
In base 8, what is 1326637225 - 5?
1326637220
In base 15, what is 1cd28019 + 4?
1cd2801d
In base 2, what is -1 + -1101001100100001111000111?
-1101001100100001111001000
In base 15, what is 12c + -1d16a?
-1d03d
In base 8, what is 5450 - -2037?
7507
In base 16, what is -69c + -fe3f?
-104db
In base 3, what is 1 - 2021100220100?
-2021100220022
In base 7, what is 515305 - 21?
515254
In base 6, what is -105030 + 1152424?
1043354
In base 6, what is -115323045 + 211?
-115322434
In base 3, what is 1022012002 - 100011110?
222000122
In base 10, what is -3 - -14839276?
14839273
In base 14, what is -a51a5b - 2?
-a51a5d
In base 16, what is -65840 - -4?
-6583c
In base 10, what is 4220 - -6199?
10419
In base 14, what is -1 - -157c7a?
157c79
In base 9, what is -7 - 17146286?
-17146304
In base 2, what is -1100011011010011101110 - 1011?
-1100011011010011111001
In base 2, what is -10111011010001 + 111011000?
-10110011111001
In base 2, what is 100011011 - 10101000100111111010?
-10101000100011011111
In base 6, what is 5344 + -1205004?
-1155220
In base 6, what is 2 + 12134253?
12134255
In base 13, what is -3a359 + -29?
-3a385
In base 16, what is 121 - 6f66?
-6e45
In base 14, what is -48 + 5752c?
574c4
In base 9, what is 47 + -60767?
-60720
In base 13, what is 1471 - -1784?
2c25
In base 15, what is -82 + 470563?
4704d1
In base 12, what is -376ab6a5 - 3?
-376ab6a8
In base 16, what is -2bf + 8959?
869a
In base 4, what is 11 + 123003323003?
123003323020
In base 5, what is -10 + -44401433144?
-44401433204
In base 2, what is -100 - 1110000010100001000010100?
-1110000010100001000011000
In base 7, what is -4436 - 1335144?
-1342613
In base 10, what is 15 - -478913?
478928
In base 13, what is 4a6324 - -4?
4a6328
In base 7, what is 14025 + -25343?
-11315
In base 7, what is -4